{"id":1020,"date":"2019-12-01T13:38:05","date_gmt":"2019-12-01T12:38:05","guid":{"rendered":"http:\/\/jufotec.ch\/teammindfactory\/?page_id=1020"},"modified":"2019-12-14T14:51:52","modified_gmt":"2019-12-14T13:51:52","slug":"forschung","status":"publish","type":"page","link":"http:\/\/jufotec.ch\/teammindfactory\/saison2019\/forschung\/","title":{"rendered":"Forschung"},"content":{"rendered":"<div id=\"pl-1020\"  class=\"panel-layout\" ><div id=\"pg-1020-0\"  class=\"panel-grid panel-no-style\" ><div id=\"pgc-1020-0-0\"  class=\"panel-grid-cell\" ><div id=\"panel-1020-0-0-0\" class=\"so-panel widget widget_sow-editor panel-first-child panel-last-child\" data-index=\"0\" ><div\n\t\t\t\n\t\t\tclass=\"so-widget-sow-editor so-widget-sow-editor-base\"\n\t\t\t\n\t\t><h3 class=\"widget-title\">Problem<\/h3>\n<div class=\"siteorigin-widget-tinymce textwidget\">\n\t<p>Eine Stadt hat verschiedene Verpflichtungen f\u00fcr ihre B\u00fcrger. Dazu geh\u00f6rt unter anderem das Wohlbefinden der Bewohner. In dieses Feld geh\u00f6ren neben Unterhaltungsm\u00f6glichkeiten auch die Erholungsorte. In Baden ist das beste Beispiel daf\u00fcr die Limmatpromenade.<\/p>\n<p>Bei unserer Recherche stiessen wir darauf, dass Littering bei vielen Leuten die Erholung st\u00f6rt, was in einer von uns durchgef\u00fchrten Umfrage 86% best\u00e4tigt haben. 58% gaben sogar an, dass sie deshalb solche Orte meiden! Die Stadt versucht mit motivierenden Aufklebern auf den M\u00fclleimern den Abfalls\u00fcndern entgegenzuwirken, der Bund unterst\u00fctzt sie mit Anti-Littering-Kampagnen, doch trotzdem bringt man das Littering-Problem nicht unter Kontrolle: Es liegt immer noch viel Abfall herum, der die Leute st\u00f6rt.<\/p>\n<p>Deshalb stellten wir uns die Frage:<\/p>\n<p><strong>Wie k\u00f6nnen wir Littering an der Limmatpromenade reduzieren, um die Sauberkeit dort zu erh\u00f6hen und das Wohlbefinden der Menschen verbessern?<\/strong><\/p>\n<\/div>\n<\/div><\/div><\/div><\/div><div id=\"pg-1020-1\"  class=\"panel-grid panel-no-style\" ><div id=\"pgc-1020-1-0\"  class=\"panel-grid-cell\" ><div id=\"panel-1020-1-0-0\" class=\"so-panel widget widget_sow-editor panel-first-child panel-last-child\" data-index=\"1\" ><div\n\t\t\t\n\t\t\tclass=\"so-widget-sow-editor so-widget-sow-editor-base\"\n\t\t\t\n\t\t><h3 class=\"widget-title\">L\u00f6sung<\/h3>\n<div class=\"siteorigin-widget-tinymce textwidget\">\n\t<\/div>\n<\/div><\/div><\/div><\/div><div id=\"pg-1020-2\"  class=\"panel-grid panel-no-style\" ><div id=\"pgc-1020-2-0\"  class=\"panel-grid-cell\" ><div id=\"panel-1020-2-0-0\" class=\"so-panel widget widget_sow-image panel-first-child panel-last-child\" data-index=\"2\" ><div\n\t\t\t\n\t\t\tclass=\"so-widget-sow-image so-widget-sow-image-default-8b5b6f678277-1020\"\n\t\t\t\n\t\t>\n<div class=\"sow-image-container\">\n\t\t<img \n\tsrc=\"http:\/\/jufotec.ch\/teammindfactory\/files\/2019\/12\/albin__ganz.jpg\" width=\"1427\" height=\"1751\" srcset=\"http:\/\/jufotec.ch\/teammindfactory\/files\/2019\/12\/albin__ganz.jpg 1427w, http:\/\/jufotec.ch\/teammindfactory\/files\/2019\/12\/albin__ganz-244x300.jpg 244w, http:\/\/jufotec.ch\/teammindfactory\/files\/2019\/12\/albin__ganz-768x942.jpg 768w, http:\/\/jufotec.ch\/teammindfactory\/files\/2019\/12\/albin__ganz-835x1024.jpg 835w\" sizes=\"(max-width: 1427px) 100vw, 1427px\" alt=\"\" \t\tclass=\"so-widget-image\"\/>\n\t<\/div>\n\n<\/div><\/div><\/div><div id=\"pgc-1020-2-1\"  class=\"panel-grid-cell\" ><div id=\"panel-1020-2-1-0\" class=\"so-panel widget widget_sow-image panel-first-child panel-last-child\" data-index=\"3\" ><div\n\t\t\t\n\t\t\tclass=\"so-widget-sow-image so-widget-sow-image-default-8b5b6f678277-1020\"\n\t\t\t\n\t\t>\n<div class=\"sow-image-container\">\n\t\t<img \n\tsrc=\"http:\/\/jufotec.ch\/teammindfactory\/files\/2019\/12\/albin_Elektronik.jpg\" width=\"2736\" height=\"1824\" srcset=\"http:\/\/jufotec.ch\/teammindfactory\/files\/2019\/12\/albin_Elektronik.jpg 2736w, http:\/\/jufotec.ch\/teammindfactory\/files\/2019\/12\/albin_Elektronik-300x200.jpg 300w, http:\/\/jufotec.ch\/teammindfactory\/files\/2019\/12\/albin_Elektronik-768x512.jpg 768w, http:\/\/jufotec.ch\/teammindfactory\/files\/2019\/12\/albin_Elektronik-1024x683.jpg 1024w, http:\/\/jufotec.ch\/teammindfactory\/files\/2019\/12\/albin_Elektronik-750x500.jpg 750w, http:\/\/jufotec.ch\/teammindfactory\/files\/2019\/12\/albin_Elektronik-272x182.jpg 272w\" sizes=\"(max-width: 2736px) 100vw, 2736px\" alt=\"\" \t\tclass=\"so-widget-image\"\/>\n\t<\/div>\n\n<\/div><\/div><\/div><div id=\"pgc-1020-2-2\"  class=\"panel-grid-cell\" ><div id=\"panel-1020-2-2-0\" class=\"so-panel widget widget_sow-image panel-first-child panel-last-child\" data-index=\"4\" ><div\n\t\t\t\n\t\t\tclass=\"so-widget-sow-image so-widget-sow-image-default-8b5b6f678277-1020\"\n\t\t\t\n\t\t>\n<div class=\"sow-image-container\">\n\t\t<img \n\tsrc=\"http:\/\/jufotec.ch\/teammindfactory\/files\/2019\/12\/albin_Logo.png\" width=\"513\" height=\"180\" srcset=\"http:\/\/jufotec.ch\/teammindfactory\/files\/2019\/12\/albin_Logo.png 513w, http:\/\/jufotec.ch\/teammindfactory\/files\/2019\/12\/albin_Logo-300x105.png 300w\" sizes=\"(max-width: 513px) 100vw, 513px\" alt=\"\" \t\tclass=\"so-widget-image\"\/>\n\t<\/div>\n\n<\/div><\/div><\/div><\/div><div id=\"pg-1020-3\"  class=\"panel-grid panel-no-style\" ><div id=\"pgc-1020-3-0\"  class=\"panel-grid-cell\" ><div id=\"panel-1020-3-0-0\" class=\"so-panel widget widget_sow-editor panel-first-child panel-last-child\" data-index=\"5\" ><div\n\t\t\t\n\t\t\tclass=\"so-widget-sow-editor so-widget-sow-editor-base\"\n\t\t\t\n\t\t>\n<div class=\"siteorigin-widget-tinymce textwidget\">\n\t<p>Unsere L\u00f6sung dazu ist der albin \u2013 Anti-Littering Bin. Wir entwickelten einen Abfalleimer, der einem jedes Mal, wenn man etwas entsorgt, Punkte auf ein Konto gutschreibt.<\/p>\n<p>Dies funktioniert so: Zuerst wirft man den M\u00fcll in den Abfalleimer, welcher den M\u00fcll durch eine Lichtschranke erkennt. Der Abfalleimer sendet ein Signal an den Server, welcher die Datenbank aktualisiert. Der Nutzer kann nun den QR-Code scannen und sich Punkte auf sein Konto gutschreiben lassen. Beim Einscannen des QR-Codes wird \u00fcberpr\u00fcft, ob der M\u00fclleimer in den letzten zwei Minuten wirklich aktiviert wurde. Wenn der Benutzer sich registriert hat oder bereits registriert war, wird ihm ein Punkt auf sein Konto gutgeschrieben. Die Punkte kann man anschliessend in Pr\u00e4mien, wie Rabatte auf Lebensmittel umwandeln, die von Werbung finanziert werden.<\/p>\n<p>Wir befragten auch mehrere Psychologen, ob sie aus psychologischer Sicht denken, dass die Aussicht auf Belohnung die Leute dazu bringen w\u00fcrde, ihren Abfall in den M\u00fclleimer zu entsorgen. Alle angeschriebenen Psychologen waren sehr zuversichtlich, dass das so gelingen w\u00fcrde und gaben uns sehr positive Feedback. Z.B. meinte Prof. Dr. Christian Fichter, ein Wirtschaftspsychologe, zu unserer Idee:<\/p>\n<blockquote>\n<p><em>\u201cDie Idee, Abfallentsorgung zu gameifizieren und zu belohnen, ist vielversprechend. Menschen tun Dinge lieber, wenn sie eine Belohnung bekommen, und wenn es eine spielerische Komponente hat.\u201d<\/em><\/p>\n<\/p>\n<\/blockquote>\n<p>Es gibt bereits Ans\u00e4tze, die auf die korrekte Entsorgung von Abfall abzielen, in dem man die Leute belohnt. Z.B. kann man in Indonesien PET-Flaschen an Sammelstellen gegen Bustickets eintauschen. Solche Systeme tragen jedoch eher dazu bei, den Haushaltsabfall richtig zu entsorgen, was in der Schweiz aber kein Problem darstellt. In der Schweiz ist die einzige bestehende L\u00f6sung mit Plakaten auf das Problem aufmerksam zu machen, oder Schulungen durchzuf\u00fchren. Unsere L\u00f6sung schafft einen Anreiz, M\u00fcll richtig zu entsorgen, ohne Mehraufwand.<\/p>\n<\/div>\n<\/div><\/div><\/div><\/div><div id=\"pg-1020-4\"  class=\"panel-grid panel-no-style\" ><div id=\"pgc-1020-4-0\"  class=\"panel-grid-cell\" ><div id=\"panel-1020-4-0-0\" class=\"so-panel widget widget_sow-image panel-first-child panel-last-child\" data-index=\"6\" ><div\n\t\t\t\n\t\t\tclass=\"so-widget-sow-image so-widget-sow-image-default-8b5b6f678277-1020\"\n\t\t\t\n\t\t>\n<div class=\"sow-image-container\">\n\t\t<img \n\tsrc=\"http:\/\/jufotec.ch\/teammindfactory\/files\/2019\/12\/albin_Funktionsschema.png\" width=\"1972\" height=\"928\" srcset=\"http:\/\/jufotec.ch\/teammindfactory\/files\/2019\/12\/albin_Funktionsschema.png 1972w, http:\/\/jufotec.ch\/teammindfactory\/files\/2019\/12\/albin_Funktionsschema-300x141.png 300w, http:\/\/jufotec.ch\/teammindfactory\/files\/2019\/12\/albin_Funktionsschema-768x361.png 768w, http:\/\/jufotec.ch\/teammindfactory\/files\/2019\/12\/albin_Funktionsschema-1024x482.png 1024w\" sizes=\"(max-width: 1972px) 100vw, 1972px\" alt=\"\" \t\tclass=\"so-widget-image\"\/>\n\t<\/div>\n\n<\/div><\/div><\/div><\/div><\/div>","protected":false},"excerpt":{"rendered":"<p>Eine Stadt hat verschiedene Verpflichtungen f\u00fcr ihre B\u00fcrger. Dazu geh\u00f6rt unter anderem das Wohlbefinden der Bewohner. In dieses Feld geh\u00f6ren neben Unterhaltungsm\u00f6glichkeiten auch die Erholungsorte. In Baden ist das beste Beispiel daf\u00fcr die Limmatpromenade. Bei unserer Recherche stiessen wir darauf, dass Littering bei vielen Leuten die Erholung st\u00f6rt, was in einer von uns durchgef\u00fchrten Umfrage <a href=\"http:\/\/jufotec.ch\/teammindfactory\/saison2019\/forschung\/\" rel=\"nofollow\"><span class=\"sr-only\">Read more about Forschung<\/span>[&hellip;]<\/a><\/p>\n","protected":false},"author":1,"featured_media":0,"parent":994,"menu_order":0,"comment_status":"closed","ping_status":"closed","template":"","meta":{"ngg_post_thumbnail":0,"footnotes":""},"class_list":["post-1020","page","type-page","status-publish","hentry"],"_links":{"self":[{"href":"http:\/\/jufotec.ch\/teammindfactory\/wp-json\/wp\/v2\/pages\/1020","targetHints":{"allow":["GET"]}}],"collection":[{"href":"http:\/\/jufotec.ch\/teammindfactory\/wp-json\/wp\/v2\/pages"}],"about":[{"href":"http:\/\/jufotec.ch\/teammindfactory\/wp-json\/wp\/v2\/types\/page"}],"author":[{"embeddable":true,"href":"http:\/\/jufotec.ch\/teammindfactory\/wp-json\/wp\/v2\/users\/1"}],"replies":[{"embeddable":true,"href":"http:\/\/jufotec.ch\/teammindfactory\/wp-json\/wp\/v2\/comments?post=1020"}],"version-history":[{"count":20,"href":"http:\/\/jufotec.ch\/teammindfactory\/wp-json\/wp\/v2\/pages\/1020\/revisions"}],"predecessor-version":[{"id":1328,"href":"http:\/\/jufotec.ch\/teammindfactory\/wp-json\/wp\/v2\/pages\/1020\/revisions\/1328"}],"up":[{"embeddable":true,"href":"http:\/\/jufotec.ch\/teammindfactory\/wp-json\/wp\/v2\/pages\/994"}],"wp:attachment":[{"href":"http:\/\/jufotec.ch\/teammindfactory\/wp-json\/wp\/v2\/media?parent=1020"}],"curies":[{"name":"wp","href":"https:\/\/api.w.org\/{rel}","templated":true}]}}